ions digit of 51519012?
5
What is the ten millions digit of 451856645?
5
What is the hundred millions digit of 148206688?
1
What is the hundred millions digit of 228627349?
2
What is the hundred millions digit of 100534215?
1
What is the units digit of 84646787?
7
What is the ten thousands digit of 66120140?
2
What is the units digit of 1959819878?
8
What is the units digit of 126747312?
2
What is the ten millions digit of 26343287?
2
What is the ten thousands digit of 183457026?
5
What is the hundred millions digit of 857041160?
8
What is the units digit of 264532107?
7
What is the hundreds digit of 2205006069?
0
What is the ten thousands digit of 32120884?
2
What is the millions digit of 77539806?
7
What is the thousands digit of 273135364?
5
What is the hundred millions digit of 293861129?
2
What is the hundred thousands digit of 889310901?
3
What is the thousands digit of 24517337?
7
What is the tens digit of 9201245?
4
What is the ten millions digit of 156301649?
5
What is the units digit of 39484368?
8
What is the hundred thousands digit of 44016939?
0
What is the ten thousands digit of 695698?
9
What is the thousands digit of 1378400702?
0
What is the ten thousands digit of 44831955?
3
What is the units digit of 197573953?
3
What is the hundred thousands digit of 7725224?
7
What is the hundred thousands digit of 9954784?
9
What is the ten millions digit of 85391774?
8
What is the millions digit of 88401627?
8
What is the ten thousands digit of 126628126?
2
What is the hundreds digit of 37363581?
5
What is the hundred thousands digit of 1858195856?
1
What is the hundred thousands digit of 326404991?
4
What is the ten thousands digit of 1418766556?
6
What is the units digit of 31154860?
0
What is the hundred thousands digit of 5826296880?
2
What is the hundreds digit of 45331727?
7
What is the ten millions digit of 26716675?
2
What is the ten thousands digit of 6603143?
0
What is the hundreds digit of 27090958?
9
What is the ten millions digit of 112952126?
1
What is the hundred thousands digit of 8222874?
2
What is the hundreds digit of 5341495071?
0
What is the ten millions digit of 61731927?
6
What is the millions digit of 72674710?
2
What is the ten thousands digit of 103636?
0
What is the ten millions digit of 474631592?
7
What is the tens digit of 61455677?
7
What is the hundred millions digit of 1980559382?
9
What is the hundred millions digit of 240039083?
2
What is the units digit of 158948186?
6
What is the millions digit of 53852718?
3
What is the units digit of 309050102?
2
What is the ten millions digit of 1194456850?
9
What is the ten millions digit of 34138106?
3
What is the ten thousands digit of 25472296?
7
What is the hundred thousands digit of 736623905?
6
What is the ten thousands digit of 10733021?
3
What is the units digit of 382019873?
3
What is the ten millions digit of 400957965?
0
What is the hundreds digit of 2922452858?
8
What is the units digit of 23302849?
9
What is the billions digit of 3280445274?
3
What is the millions digit of 44642321?
4
What is the tens digit of 63686680?
8
What is the thousands digit of 38948366?
8
What is the millions digit of 1306761248?
6
What is the tens digit of 119987891?
9
What is the hundreds digit of 222946210?
2
What is the hundreds digit of 4040210851?
8
What is the ten millions digit of 87062185?
8
What is the millions digit of 633982708?
3
What is the tens digit of 416451181?
8
What is the hundred thousands digit of 58353382?
3
What is the thousands digit of 1430124600?
4
What is the millions digit of 46513384?
6
What is the tens digit of 117886780?
8
What is the ten thousands digit of 45432548?
3
What is the units digit of 528112068?
8
What is the ten thousands digit of 444473257?
7
What is the hundreds digit of 320009631?
6
What is the millions digit of 33729310?
3
What is the hundred thousands digit of 5238782?
2
What is the ten millions digit of 78028939?
7
What is the hundred thousands digit of 24308342?
3
What is the ten thousands digit of 2794242215?
4
What is the hundreds digit of 49560644?
6
What is the hundreds digit of 114472664?
6
What is the ten millions digit of 46551507?
4
What is the hundreds digit of 869728703?
7
What is the ten millions digit of 1129611001?
2
What is the hundred thousands digit of 97285083?
2
What is the ten millions digit of 1094910394?
9
What is the thousands digit of 150415539?
5
What is the millions digit of 32601739?
2
What is the hundred millions digit of 133710735?
1
What is the hundred thousands digit of 52087850?
0
What is the units digit of 1750812733?
3
What is the ten thousands digit of 838055600?
5
What is the tens digit of 590641594?
9
What is the units digit of 106920456?
6
What is the hundreds digit of 589023878?
8
What is the hundreds digit of 637560711?
7
What is the billions digit of 1250267005?
1
What is the tens digit of 113624452?
5
What is the hundreds digit of 98191349?
3
What is the hundreds digit of 47812240?
2
What is the ten millions digit of 14214571?
1
What is the millions digit of 592940886?
2
What is the thousands digit of 899657939?
7
What is the tens digit of 91340323?
2
What is the units digit of 602574499?
9
What is the thousands digit of 833468434?
8
What is the units digit of 66414900?
0
What is the hundred thousands digit of 839897?
8
What is the ten millions digit of 530175739?
3
What is the units digit of 13013598?
8
What is the hundred thousands digit of 2562474445?
4
What is the millions digit of 514627411?
4
What is the units digit of 50502736?
6
What is the ten millions digit of 2917572687?
1
What is the ten millions digit of 49501108?
4
What is the units digit of 3668902522?
2
What is the thousands digit of 418110486?
0
What is the hundred millions digit of 6663908538?
6
What is the tens digit of 961139462?
6
What is the units digit of 6081119563?
3
What is the millions digit of 404887772?
4
What is the ten thousands digit of 70855499?
5
What is the ten thousands digit of 241533787?
3
What is the units digit of 1217569449?
9
What is the ten thousands digit of 261350754?
5
What is the ten thousands digit of 220871439?
7
What is the thousands digit of 242292519?
2
What is the millions digit of 139074927?
9
What is the hundred thousands digit of 732871872?
8
What is the millions digit of 143551029?
3
What is the ten millions digit of 21944299?
2
What is the ten millions digit of 2158464092?
5
What is the thousands digit of 5193284464?
4
What is the thousands digit of 7326414?
6
What is the units digit of 786549796?
6
What is the hundreds digit of 50851020?
0
What is the units digit of 666975951?
1
What is the tens digit of 52939062?
6
What is the thousands digit of 189412317?
2
What is the tens digit of 270840696?
9
What is the units digit of 148576153?
3
What is the hundred millions digit of 1106052918?
1
What is the hundreds digit of 2893116323?
3
What is the hundreds digit of 1373319717?
7
What is the hundreds digit of 1543908740?
7
What is the ten thousands digit of 855454385?
5
What is the tens digit of 144951415?
1
What is the hundreds digit of 68470420?
4
What is the units digit of 141991790?
0
What is the tens digit of 832219768?
6
What is the ten thousands digit of 58048481?
4
What is the units digit of 5058405?
5
What is the hundred millions digit of 4998836196?
9
What is the ten thousands digit of 635398749?
9
What is the millions digit of 368112207?
8
What is the tens digit of 877832998?
9
What is the tens digit of 122205379?
7
What is the tens digit of 2062253149?
4
What is the hundred thousands digit of 103360097?
3
What is the ten thousands digit of 240647218?
4
What is the hundred thousands digit of 362672118?
6
What is the tens digit of 2544303240?
4
What is the ten thousands digit of 97960077?
6
What is the thousands digit of 23500427?
0
What is the ten millions digit of 32808310?
3
What is the hundred millions digit of 164254156?
1
What is the tens digit of 77257116?
1
What is the units digit of 302314942?
2
What is the ten thousands digit of 184340343?
4
What is the hundreds digit of 37702455?
4
What is the hundred millions digit of 2154615073?
1
What is the tens digit of 106957425?
2
What is the units digit of 325860707?
7
What is the ten millions digit of 1091243271?
9
